 g(f) be the second derivative of f**5/20 - f**3/6 + f**2 + f. Let d be (4/(-16)*0)/2. Calculate g(d).
2
Let h(m) be the first derivative of -2*m**3/3 + 5*m**2/2 + 4*m + 7. Calculate h(4).
-8
Let r be (-6)/45 - -4*(-32)/(-60). Let l(m) = -6*m. What is l(r)?
-12
Let c(g) = 5*g**3 - 12*g**3 + g**2 + 6*g**3 - 1. Determine c(0).
-1
Let q(t) = -4*t + 1. Suppose 27 = -5*i - 5*x - 28, -i - 5*x - 11 = 0. Let f(z) = 12*z - 2. Suppose 2*s - s = -4. Let l(w) = i*q(w) + s*f(w). Give l(-2).
5
Let d(s) be the second derivative of -s**4/12 - s**3/3 + s**2/2 + 3*s. Calculate d(2).
-7
Let p(z) = -2*z - 1 + 9 - 20. What is p(-9)?
6
Let v(f) = 6*f**2 + 3*f + 1. Let i = -22 + 21. Determine v(i).
4
Suppose -2*z - 4 - 6 = 0. Let d(a) = -5*a + 7 - a - 10*a + 21*a - 4*a. Determine d(z).
2
Let t(g) = 5*g**2 + g - 1. Let o(r) = 6*r**2 + r - 1. Let y(p) = -4*o(p) + 5*t(p). Let i be -3*((-10)/15)/(-1). Give y(i).
1
Suppose -n + 6*h = 3*h - 18, 0 = 5*n + h - 10. Let d(y) = y + 2. Give d(n).
5
Let s(z) = -z**2 - 3*z + 7. Let d be s(-5). Let a(v) = 2*v + 1. What is a(d)?
-5
Let v(y) be the second derivative of y**5/20 - y**3/6 - 5*y**2/2 + 2*y + 15. Determine v(0).
-5
Let v(y) = -3*y**3 + 2*y**2 + 2*y + 1. Let i(j) = j**3 + j. Suppose 12 = -2*k + 8. Let g(c) = k*i(c) - v(c). What is g(3)?
-4
Let s(w) = -w - 1. Let n(a) = -5*a - 6. Let t(x) = n(x) - 3*s(x). Determine t(-8).
13
Let p(y) = -y. Let w be p(3). Let j(x) = 2*x. Calculate j(w).
-6
Let x = 1 - 0. Suppose 4*r + 3*h = 37, -2*r - 4*h - 23 = -7*r. Let d(m) = 7 - r*m - 7. Calculate d(x).
-7
Let j(l) = l**3 - 5*l**2 - 6*l - 5. Suppose -18 - 18 = -6*a. Determine j(a).
-5
Let q be 2/(-8) - (-45)/(-12). Let z(r) = -6*r + 1. Let h(l) = -l. Let g(o) = -5*h(o) + z(o). Give g(q).
5
Let c(g) be the first derivative of -5*g**4/24 - g**3/6 + 7*g**2/2 + 3. Let s(h) be the second derivative of c(h). What is s(-1)?
4
Let l(r) = 3*r**2 - 2*r + 5. Let u(v) = -1. Let j(f) = -l(f) - 5*u(f). Determine j(2).
-8
Suppose 5*t - 5*z = -z - 17, 0 = 3*t + 2*z - 3. Let d be ((2 + -1)*3)/t. Let i(s) = 4*s**2 - 2*s - 3*s**2 - 3 + 3*s. What is i(d)?
3
Let a(f) = -f**2 + 2*f + 5. Let w be a(4). Let l = -3 - w. Let o(c) = -4 + l*c - 2*c + 3*c. What is o(0)?
-4
Suppose -5*l = -3*u + 20, -l + 0*l + 24 = 5*u. Let p(z) = -8*z - 1. Calculate p(l).
7
Let g be (-33)/(-7) + 2/7. Let f(i) = i. Let n be f(g). Let o(v) = v**2 - 4*v - 3. What is o(n)?
2
Suppose -3 = 2*g - 3*g. Let q = -6 + g. Let f(d) = d**3 + 5*d**2 + 4*d + 4. What is f(q)?
10
Let t(d) = d**2 + d + 12. Let h(g) = g + 11. Suppose r + 8 = -1. Let p be h(r). Let s be ((-3 - -3)/3)/p. What is t(s)?
12
Let h(s) = 5*s**2 - 11*s - 4. Let n(i) = 9*i**2 - 21*i - 8. Let v(r) = -11*h(r) + 6*n(r). Determine v(-3).
2
Let v(b) = -b**3 - 13*b**2 - 11*b + 12. Let r be v(-12). Suppose -3*w + 4*w - 2 = r. Let k(h) = -h**3 - h**2 + 2*h - 2. Calculate k(w).
-10
Let f(r) be the first derivative of -3/2*r**2 + 4 - 1/3*r**3 + 3*r. Give f(-4).
-1
Let q(y) = y**3 + 7*y**2 + 7*y + 6. Let x be 4*1/(-8)*10. Calculate q(x).
21
Let x = -9 - -8. Let c(s) = 24*s**2 - 1. Determine c(x).
23
Let w(a) = -a**3 - 2*a**2 + 2. Suppose -4*s + h + 1 - 17 = 0, -s + 5*h = 23. Calculate w(s).
11
Let y be (-11)/(-3) + 2/6. Let f(l) = 4*l - y + 3 + l**3 + 5 + 5*l**2. Suppose -2*r = 2*u + 2 + 4, -3*u + 5*r = 17. Determine f(u).
4
Let h = 14 - 41/3. Let l(u) be the first derivative of -u - 1 - h*u**3 + 0*u**2. Calculate l(-2).
-5
Let w = -11 - -6. Let l(c) = -c + 3. What is l(w)?
8
Let y(l) = 4*l - 2 + 0*l - 3*l + 1. Determine y(-3).
-4
Let v(x) be the first derivative of -x**7/840 + x**6/180 - x**3/3 + 3. Let y(i) be the third derivative of v(i). Let a be -5*(2 - 3) + -2. Determine y(a).
-9
Let f(v) = 10*v**3 + v**2 - 1. Let c(l) = -l - 26. Let q be c(-25). What is f(q)?
-10
Let o(l) = -l - 59 - 56 - 54 + 164. Suppose -4*d - 3 - 1 = -5*x, -d - 3*x + 16 = 0. What is o(d)?
-9
Let y(f) be the third derivative of f**6/120 + f**5/12 - f**4/4 + 5*f**3/6 - 3*f**2 - 4. Calculate y(-6).
5
Suppose -2*v = 10 - 0. Let h be (v/(-15))/(1/9). Let y(l) = -l**2 + l - 1. Let k(q) = 2*q**2 - 4*q + 2. Let w(x) = -k(x) - y(x). Calculate w(h).
-1
Let t(g) = g - 7. Let y = -7 + 9. Let a(b) = 3*b - 9. Let x(s) = -4*s + 10. Let k(c) = 3*a(c) + 2*x(c). Let l(o) = y*t(o) - 3*k(o). Calculate l(3).
4
Let q(t) be the second derivative of t**4/4 + t**3/3 + 3*t**2/2 + 22*t. Determine q(-3).
24
Let m(z) = 6*z**2 - 4*z + 5. Let i(r) = 5*r**2 - 3*r + 4. Let s(w) = -5*i(w) + 4*m(w). Suppose -17*u = -26 - 8. Give s(u).
-6
Let n(p) = p**3 - 6*p**2 - 6*p - 6. Let s be n(7). Let k be 14/6 + s/(-3). Let z = k + 2. Let i(d) = d**2 - 4*d + 2. What is i(z)?
2
Let d(q) = -q**3 + q**2 - 4*q + 3. Let u = 28 - 26. Determine d(u).
-9
Let c = -4 + 3. Let u(m) = -1 + 11 + 12*m - 10. Calculate u(c).
-12
Let d(j) = j**3 - 2*j**2 - 3*j - 1. Suppose -5*x + 0*r = 4*r, -r - 5 = 0. Suppose 3*n = x*n - 10. Let q be (-9)/15 + 36/n. Calculate d(q).
-1
Suppose -2*z = z + 2*u - 8, -z + 5 = 3*u. Let v(d) = z + 5*d - 3 + 4 + d**2. Suppose -8 = 4*h + 2*o, 0 = 3*h + 3*o - 1 + 7. Determine v(h).
-3
Let q = 3 - 0. Suppose q*v = -u - 2*u, 5*v = -u - 8. Let s(m) = -m. Let i(a) = 7*a - 1. Let b(y) = -i(y) - 4*s(y). What is b(u)?
-5
Let j(o) = o**2 - 3*o + 1. Let p(u) = -u**3 + 4*u**2 + 8*u - 4. Let y be p(5). Let x = y + -7. Suppose -5*b = -16 - x. Give j(b).
5
Let i(y) = -4*y**2 - y + 1. Let g(m) = -m**2 - m + 1. Let f be g(0). What is i(f)?
-4
Let z be (-2)/(-3) - (-3)/9. Let h = 2 + z. Let r(m) = -2*m**3 + m**h + 2*m**2 + 2*m**2 - 5. Calculate r(4).
-5
Let i(q) = -q + 2*q**2 + 2*q + 0*q - 1. Let o be (-1)/((5/(-2))/5). Suppose 4*s - o*s = 4. Calculate i(s).
9
Suppose -9*d - 2*d - 22 = 0. Let c(t) be the second derivative of t**5/20 + t**4/3 - t**3/3 - 3*t**2/2 - t. Give c(d).
9
Let m(c) = c**2 - 5*c + 3. Let v(x) = -x**2 + 6*x - 3. Let i(n) = 3*m(n) + 2*v(n). Determine i(2).
1
Suppose 0*p + 3*p - 57 = 0. Let z = p + -16. Let y(j) = -3*j**2 + 2*j + 2. What is y(z)?
-19
Let v(x) = x**3 - 4*x**2 + 3*x + 4. Let l = 10 + -15. Let y = l - -5. Suppose -s + y*s + 3 = 0. What is v(s)?
4
Let d(p) = p**2 - 1. Let w(z) = 4*z**2 - 6*z - 2. Let o(i) = 3*d(i) - w(i). Give o(5).
4
Let y(q) = -3*q - 8*q + 5*q - 5 + 4*q. Give y(5).
-15
Let y(a) = -a + 2. Suppose 5*i - 5*f = -0*i, -5*i + 20 = -f. Calculate y(i).
-3
Let b(y) be the second derivative of -y**6/720 - 13*y**5/120 + 5*y**4/12 - 6*y. Let m(o) be the third derivative of b(o). Calculate m(0).
-13
Let h(l) = l**2 - l. Suppose -4*z + 9 - 25 = 0. Let o be (1 + -6)*z/(-5). Let c be 2 + (o/(-2) - 3). Determine h(c).
0
Let h be (-6)/8*2*-2. Let i(w) be the third derivative of 0*w + 0 + 1/24*w**4 + 11*w**2 - 1/2*w**3. Give i(h).
0
Suppose -12 = -3*d, -8 = -r - 2*d + 3. Let i(v) = 3*v + 4 - 2*v - 9 + 9 + 2*v. Give i(r).
13
Let b(r) = -78*r + 34. Let d(j) = j**3 + 6*j**2 + 2*j - 5. Let c be d(-7). Let s(h) = 7*h - 3. Let p(q) = c*s(q) - 6*b(q). What is p(1)?
-8
Let b(s) be the second derivative of 0 - 1/12*s**4 - s - s**3 - 2*s**2. Let f be 22/(-4) - (-1)/(-2). Give b(f).
-4
Suppose -2 - 13 = -5*m. Let b(y) = y**2 - y + 1. What is b(m)?
7
Let z(f) = 1 + 3 - 5*f**2 - 5 + 8*f**3 + 2*f + 4*f**2. Calculate z(1).
8
Let l(v) = -9*v**2 + 2*v - 1. Let k(q) = -5*q**2 + q - 1. Let i(r) = -5*k(r) + 3*l(r). Determine i(2).
-4
Suppose -3*v + 8 = -v. Let q(t) = v*t**3 + 3*t**2 - 2*t**3 - 3*t**3 - t - 3. Give q(3).
-6
Let f(b) = -30*b + 24*b - b**2 + 2 + 6*b. Let i(t) = -t**3 - 3*t**2 + 4*t + 2. Let q be i(-4). Determine f(q).
-2
Let i(t) be the first derivative of -3/2*t**2 - 6 + 9*t. Give i(6).
-9
Suppose 9 = -5*q - 5*l - 1, q + 17 = 2*l. Let c = 12 + q. Let w(z) = -z + 7. What is w(c)?
2
Suppose -2*y - 1 = -y. Let s be y/(1 + 0) + 3. Let p(c) = 10*c**2 + 1 - 13*c**s + 5*c**2. What is p(-2)?
9
Let c(o) = -2 + o**3 + 7*o**2 - 2*o**2 - 3*o**2 - 6*o. Calculate c(-4).
-10
Suppose -9*a + 7 = -2*a. Let p(w) = 6*w**2 - 1. Calculate p(a).
5
Let g(c) = 2*c**2 + 1. Let q = 78 + -56. Let w = -23 + q. Calculate g(w).
3
Let c(o) = -8*o - 21. Let j(t) = -4*t - 10. Let m(n) = 6*c(n) - 13*j(n). Suppose 2*q + 3*w + w + 8 = 0, 4*w = -4*q - 16. What is m(q)?
-12
Suppose 0 = -4*l - 3 - 1. Let n(z) = -3*z - 2. Suppose x - 2*x = 3. Let h(w) = -w - 1. Let m(j) = x*n(j) + 5*h(j). What is m(l)?
-3
Let l(c) be the